0 + 337. Let w = y + -83. List the prime factors of w.
2, 17
Let g(i) be the first derivative of 4/3*i**3 + i**2 + 3*i - 1/4*i**4 - 2. List the prime factors of g(4).
11
Let o(u) = -2*u. Suppose 2*v + 4 = -0*v. What are the prime factors of o(v)?
2
Let s = 486 - 296. What are the prime factors of s?
2, 5, 19
Let i(y) be the third derivative of -y**4/8 - y**3/6 + y**2. What are the prime factors of i(-2)?
5
Suppose 3*y = 3*w + 555, 362 + 172 = 3*y + 4*w. List the prime factors of y.
2, 7, 13
Let l(f) = -f**2 + 7*f + 11. Let c be l(8). Suppose 0 = c*p - 12 + 3. Suppose -5*a = 2*t - 49, -p*t = -2*a + 6*a - 56. What are the prime factors of t?
2, 3
Suppose -2*k + 0*q + 158 = -2*q, 4*k + 5*q = 271. What are the prime factors of k?
2, 37
Let g be (-35)/45 + (-4)/18. Let t be -1 - -1 - (g - 21). Let k = t - 10. What are the prime factors of k?
2, 3
Let y = 460 + -840. List the prime factors of 3/(-2) - y/8.
2, 23
Let b be (-4)/10 - (-6)/15. Suppose 0*p - 4*p + 44 = b. List the prime factors of p.
11
Suppose 0 = -3*d + 177 + 30. What are the prime factors of d?
3, 23
Let s = 49 - 19. Suppose 3*m - 2*q = 31, -m + q = -3*m + s. Suppose 2*t + m = 3*t. What are the prime factors of t?
13
What are the prime factors of ((-2)/(-2))/(4/548)?
137
Let j(q) = -q**2 - 12*q - 13. Let m be (-1 + -17)*(-2)/(-4). What are the prime factors of j(m)?
2, 7
Suppose 2*k = -y + 99 + 253, 3*k - 5*y - 541 = 0. List the prime factors of k.
3, 59
Let n = -3 + 5. Suppose i - 80 = 2*a - 7*a, -n*a + 32 = -4*i. List the prime factors of a.
2
Suppose -4*u - u + 55 = 0. List the prime factors of u.
11
Let q(f) = f**3 - 6*f**2 - 4*f - 10. What are the prime factors of q(7)?
11
Let q be (-6)/(-21) + 88/(-14). Let u be (20/6)/(q/(-9)). Suppose 2*f + 0*f - 19 = -5*j, u*j + 9 = 2*f. List the prime factors of f.
7
Suppose 12*b - 5 = 7*b. List the prime factors of -24*b/(3/(-2)).
2
Let o be (2 - -2)*(-3)/(-3). What are the prime factors of (o + -3)*19 - 0?
19
Let j = -6 - -8. Suppose 0 = -r + 3*t + 14, t - 8 = -j*r - 3*t. What are the prime factors of r?
2
Let m(r) = -r**3 + 4*r**2 + r - 1. Let v be m(4). Let l(u) = -4*u - u**3 + 5*u**2 - v*u + 15*u. List the prime factors of l(6).
2, 3
Let d = 53 - 35. What are the prime factors of 238/d - 16/72?
13
Let v(h) = -2*h**2 - 6*h + 7. Let p be v(6). Let z = 158 + p. Let w = -40 + z. List the prime factors of w.
17
Suppose -u - 3*h + 36 = -0*u, -34 = -u - h. List the prime factors of u.
3, 11
Let o be 2 - (0 + 1 - 1). Suppose -5*g - 2*d + 28 = 0, -d - d = -o*g. List the prime factors of g.
2
Suppose 4*k - 167 = -3*n - 43, k - 3*n - 31 = 0. Suppose k - 7 = q - 2*j, 0 = -5*q + 5*j + 100. Let c = -9 + q. What are the prime factors of c?
7
Suppose -4*m - 7*o = -2*o - 1142, 0 = -m - o + 285. List the prime factors of m.
283
Let p = -1 + -9. Let l(b) = b**3 + 9*b**2 - 13*b - 5. What are the prime factors of l(p)?
5
Let j(f) = -5*f - 5. Let z be j(-4). Let s be 1/(3/z + 0). What are the prime factors of 174/10 + (-2)/s?
17
Let y(k) = -k. Let g be y(2). What are the prime factors of 510/25 - g/(-5)?
2, 5
Suppose 3*m = -2*m + 80. What are the prime factors of m?
2
Suppose 21 = 2*a + a. What are the prime factors of (-100)/(-6) - a/(-21)?
17
Suppose 0 = -4*g - 2*r + 488, -5*r = -5*g - r + 623. Suppose -5*l + 3*k = -0*l - g, -3*l = 5*k - 67. List the prime factors of l.
2, 3
Let c(r) = 2*r + 6*r - 1 + 2*r. Let m = 2 - 1. What are the prime factors of c(m)?
3
Let t(a) = -11*a + 1. Let r be t(-1). Let s be (92/16)/(3/r). Suppose 33 = 3*z - 3*y, 4*z - 3*y = 2*z + s. List the prime factors of z.
2, 5
Let z(j) = -10*j - 1. Let y(f) = f**2 - 4*f - 5. Let u be y(5). Suppose -4*q - 1 - 3 = u. List the prime factors of z(q).
3
Let q(h) = h**2 - 6*h + 1. Suppose 0 = -4*j - 5*f - 14 + 47, 2*j - 4*f = 10. Let c be q(j). Suppose 0 = 5*a - 12 - c. What are the prime factors of a?
2
Let f(z) = 16*z. Let y be f(2). Let c be (-5)/(-8 + 3 + 4). Suppose c*m - y = m. List the prime factors of m.
2
Let y be 34/3 + (-6)/(-9). Suppose 2 - y = -k. List the prime factors of k.
2, 5
Let o be (-2)/(-7) + (-90)/21. Let l = o + -4. Let s = -2 - l. What are the prime factors of s?
2, 3
Let s(l) = 3*l**2 - 1. Let q be s(-1). What are the prime factors of -1 + 42/(q - -1)?
13
Suppose -4*w = -7*w + 15. Let u be ((-4)/w)/(1/(-20)). Suppose 3*t - 37 = -u. What are the prime factors of t?
7
Suppose -3*n = -5*l + 10, 3*n + 2 = l + 12. Suppose -b + 21 = -5*u, 2*u + 49 = l*b + 5*u. List the prime factors of b.
11
Let h(o) = -12*o - 7. Let v be h(-3). Let s = v + -13. What are the prime factors of s?
2
Let n(p) = -p**2 - p - 3. Let b be n(0). Suppose 27 - 5 = -2*v. Let z = b - v. List the prime factors of z.
2
Let g(a) = a - 9. List the prime factors of g(16).
7
Suppose 0 = 5*m + g + 179, 3*g + 117 = 2*m - 5*m. Let h = 20 + m. Let b = -6 - h. List the prime factors of b.
3
Let u(l) = -l + 4. Let g be u(2). Suppose g*q = -3*r + 8 + 43, 0 = 2*r + 2*q - 32. What are the prime factors of r?
19
Let u(k) = k**2 - 3*k - 7. List the prime factors of u(9).
47
Suppose 0 = g + 11*g - 2304. List the prime factors of g.
2, 3
Let p = 2 - 0. Suppose -2*r = -2*u - 8, p*r - 5*u - 16 = 4. What are the prime factors of 7 - (0 + r) - 2?
5
Let u(a) = 3*a**2 - 7*a + 7. Let p(f) = -f**2 - 1. Let h(i) = -5*p(i) - u(i). What are the prime factors of h(-6)?
2, 7
Let r(v) = v**2 + 2*v. Let y be r(5). List the prime factors of 1/(-2) - y/(-10).
3
Let g(j) = 2*j**3 - 3*j**2 - 2*j + 2. Let y be g(3). Suppose 0 = 4*k + 3 - y. What are the prime factors of k?
5
Let g(d) = -d - 12. Let w be g(-5). Let q = -4 - w. What are the prime factors of q?
3
Let i = 63 - 8. What are the prime factors of i?
5, 11
Let x = -20 + 23. Suppose x*r = -r + 176. What are the prime factors of r?
2, 11
Let a(m) = -2*m - m - 2 + 5*m. Let j be a(2). Suppose 0*y + 5*u = j*y - 31, 2*u = 3*y - 30. What are the prime factors of y?
2
Let i(h) = -h**2 + 20*h - 19. What are the prime factors of i(10)?
3
Let o(p) = p + 16. Let s be o(0). Suppose 0 = -0*w + 2*w - s. List the prime factors of w.
2
Let w(j) = -j + 28. Let i be w(0). Let r = i + -14. What are the prime factors of r?
2, 7
Let q = 157 + -72. Suppose 2*t - 6*a - 35 = -5*a, -3*a = 4*t - q. List the prime factors of t.
19
Let b(x) = -x**2 - x - 1. Let l be b(2). Let w = 4 + l. List the prime factors of ((30/w)/2)/(-1).
5
Suppose -3*b + 102 = -99. List the prime factors of b.
67
Let o(i) = 6*i + 3. What are the prime factors of o(4)?
3
List the prime factors of 1*(8/4 - -78).
2, 5
Suppose -2*u = -y - 8, 3*u - u - 18 = -4*y. Suppose -l + 8 = -p, -4*p + 14 = 4*l - y*p. What are the prime factors of l?
5
Let c be (3 - -15)*3/6. Suppose -3 - c = -4*l. Suppose 0 = -5*p + 2*o + 2 + 48, 30 = l*p - 4*o. What are the prime factors of p?
2, 5
Suppose 0*y = -2*y + 60. List the prime factors of y.
2, 3, 5
Suppose -3*b = -277 + 37. What are the prime factors of b?
2, 5
Let v(z) = -5*z - z**2 - 1 + 9 - 1. Let p be v(-7). Let g = 0 - p. What are the prime factors of g?
7
Let n = -42 - -86. List the prime factors of n.
2, 11
Suppose 4 = k, 3*r - 82 = r + k. List the prime factors of r.
43
Let c = 44 - -18. Suppose -2*d + 2*l + c - 12 = 0, 0 = -3*l. Let j = -15 + d. What are the prime factors of j?
2, 5
Suppose 5*b = -g + 122, 279 = 2*g + 2*b + b. Suppose 3*v - 2*v - g = -4*l, -v = -2*l + 69. Suppose 3*z - l = -0*z. What are the prime factors of z?
2, 3
Let w(y) = y**2 - 3*y + 112. List the prime factors of w(0).
2, 7
Let z(u) = u**3 - 2*u**2 + 2*u. Let n be z(2). Suppose -60 = -2*c + 10. Suppose -5*k - 2*l = -c, 0 = 3*k - l + n*l - 21. List the prime factors of k.
7
List the prime factors of 14300/36 - (-4)/(-18).
397
Let l(o) = o**2 + 7*o + 21. Let k = -34 + 24. List the prime factors of l(k).
3, 17
Suppose -v + 422 = 5*t, -4*t + 337 = 2*v - v. What are the prime factors of t?
5, 17
Suppose -5*o + 2*v = -33, -2*v - 3 - 15 = -2*o. Let l = 7 - o. Let r(y) = y**3 - y**2 + 2*y. What are the prime factors of r(l)?
2
List the prime factors of 336/8 - (-2)/(-2).
41
What are the prime factors of 93 - (0/(-1))/(0 - -3)?
3, 31
Let p be (-2 + 3)/((-1)/(-5)). Suppose -2 = -p*r + 3*r, 0 = -c + 2*r + 28. What are the prime factors of c?
2, 3, 5
Let m(d) = 3*d + 57. What are the prime factors of m(15)?
2, 3, 17
Suppose 35*h - 